{"id":2297,"date":"2021-08-06T15:07:22","date_gmt":"2021-08-06T20:07:22","guid":{"rendered":"http:\/\/www.mac.pe\/"},"modified":"2025-10-13T17:50:56","modified_gmt":"2025-10-13T22:50:56","slug":"mac-cajamarca","status":"publish","type":"page","link":"https:\/\/silva.net.pe\/macpe\/mac-cajamarca\/","title":{"rendered":"MAC Cajamarca"},"content":{"rendered":"<address><span style=\"color: #000000;\">Centro Comercial Real Plaza &#8211; Nivel 2 <\/span><\/address>\n<address><span style=\"color: #000000;\">Av. Evitamiento Norte 1A <strong>Barrio San Antonio, Cajamarca, Cajamarca<br \/>\n<\/strong><\/span><\/address>\n<address><span style=\"color: #000000;\"> <\/span><\/address>\n<address><span style=\"color: #000000;\"> <\/span><\/address>\n<address><span style=\"color: #000000;\"> <\/span><\/address>\n<address><span style=\"color: #000000;\"> <\/span><\/address>\n<h3><span style=\"color: #000000;\"><strong>Relaci\u00f3n de Servicios por Entidad <\/strong><\/span><\/h3>\n<p><a href=\"https:\/\/centrosmac.com\/citas\/\" target=\"_blank\"><\/a><\/p>\n<table border=\"0\" cellspacing=\"0\" cellpadding=\"0\" width=\"554\">\n<tbody>\n<tr>\n<td style=\"text-align: center;\"><em><a href=\"https:\/\/www.mac.pe\/wp-content\/uploads\/2025\/10\/BANCO-DE-LA-NACI\u00d3N.pdf\" target=\"_blank\"><span style=\"color: #000000;\"><strong>BN &#8211; Banco de la naci\u00f3n<\/strong><\/span><\/a><\/em><\/td>\n<\/tr>\n<tr>\n<td style=\"text-align: center;\"><em><a href=\"https:\/\/www.mac.pe\/wp-content\/uploads\/2025\/10\/GRTC.-AREQUIPA-CAJAMARCA.pdf\" target=\"_blank\"><span style=\"color: #000000;\"><strong>GRTC CAJAMARCA &#8211; Gerencia Regional de Transportes y Comunicaciones de Cajamarca<\/strong><\/span><\/a><\/em><\/td>\n<\/tr>\n<tr>\n<td style=\"text-align: center;\"><em><a href=\"https:\/\/www.mac.pe\/wp-content\/uploads\/2025\/10\/GRTPE.-AREQUIPA-CAJAMARCA.pdf\" target=\"_blank\"><span style=\"color: #000000;\"><strong>GRTPE CAJAMARCA &#8211; Gerencia Regional de Trabajo y Promoci\u00f3n del Empleo de Cajamarca<\/strong><\/span><\/a><\/em><\/td>\n<\/tr>\n<tr>\n<td style=\"text-align: center;\"><em><a href=\"https:\/\/www.mac.pe\/wp-content\/uploads\/2025\/10\/INPE.pdf\" target=\"_blank\"><span style=\"color: #000000;\"><strong>INPE \u2013 Instituto Nacional Penitenciario<\/strong><\/span><\/a><\/em><\/td>\n<\/tr>\n<tr>\n<td style=\"text-align: center;\"><a href=\"http:\/\/www.mac.pe\/wp-content\/uploads\/2024\/05\/Migraciones-cajamarca.pdf\" target=\"_blank\"><em><span style=\"color: #000000;\"><span style=\"text-decoration: underline;\"><em><strong>MIGRACIONES &#8211; Superintendencia Nacional de Migraciones <\/strong><\/em><\/span><\/span><\/em><\/a><em><em><strong><a style=\"color: #ff0000;\" href=\"https:\/\/citaspasaporte.migraciones.gob.pe\/citas-pasaporte-v2\/programar-cita\">(Requiere Cita)<\/a><\/strong><\/em><\/em><\/td>\n<\/tr>\n<tr>\n<td style=\"text-align: center;\"><em><a href=\"https:\/\/www.mac.pe\/wp-content\/uploads\/2025\/10\/MININTER.pdf\" target=\"_blank\"><span style=\"color: #000000;\"><strong>MININTER &#8211; Ministerio del Interior<\/strong><\/span><\/a><\/em><\/td>\n<\/tr>\n<tr>\n<td style=\"text-align: center;\"><em><a href=\"https:\/\/www.mac.pe\/wp-content\/uploads\/2025\/10\/M.P-CAJAMARCA.pdf\" target=\"_blank\"><span style=\"color: #000000;\"><strong>MP CAJAMARCA &#8211; Municipalidad Provincial de Cajamarca<\/strong><\/span><\/a><\/em><\/td>\n<\/tr>\n<tr>\n<td style=\"text-align: center;\"><em><a href=\"https:\/\/www.mac.pe\/wp-content\/uploads\/2025\/10\/ONP.pdf\" target=\"_blank\"><span style=\"color: #000000;\"><strong>ONP \u2013 Oficina de Normalizaci\u00f3n Previsional<\/strong><\/span><\/a><\/em><\/td>\n<\/tr>\n<tr>\n<td style=\"text-align: center;\"><em><a href=\"https:\/\/www.mac.pe\/wp-content\/uploads\/2025\/10\/PODER-JUDICIAL.pdf\" target=\"_blank\"><span style=\"color: #000000;\"><strong>PJ \u2013 Poder Judicial<\/strong><\/span><\/a><\/em><\/td>\n<\/tr>\n<tr>\n<td style=\"text-align: center;\"><em><a href=\"https:\/\/www.mac.pe\/wp-content\/uploads\/2025\/10\/RENIEC-PROVINCIAS.pdf\" target=\"_blank\"><span style=\"color: #000000;\"><strong>RENIEC \u2013 Registro Nacional de Identificaci\u00f3n y Estado Civil<\/strong><\/span><\/a><\/em><\/td>\n<\/tr>\n<tr>\n<td style=\"text-align: center;\"><em><a href=\"https:\/\/www.mac.pe\/wp-content\/uploads\/2025\/10\/SAT-CAJAMARCA.pdf\" target=\"_blank\"><span style=\"color: #000000;\"><strong>SAT CAJAMARCA &#8211; Servicio de Administraci\u00f3n Tributaria de Cajamarca<\/strong><\/span><\/a><\/em><\/td>\n<\/tr>\n<tr>\n<td style=\"text-align: center;\"><em><a href=\"https:\/\/www.mac.pe\/wp-content\/uploads\/2025\/10\/SIS.pdf\" target=\"_blank\"><span style=\"color: #000000;\"><strong>SIS &#8211; Seguro Integral de Salud<\/strong><\/span><\/a><\/em><\/td>\n<\/tr>\n<tr>\n<td style=\"text-align: center;\"><em><a href=\"https:\/\/www.mac.pe\/wp-content\/uploads\/2025\/10\/SUNARP.pdf\" target=\"_blank\"><span style=\"color: #000000;\"><strong>SUNARP \u2013 Superintendencia Nacional de Registros P\u00fablicos<\/strong><\/span><\/a><\/em><\/td>\n<\/tr>\n<tr>\n<td style=\"text-align: center;\"><em><a href=\"https:\/\/www.mac.pe\/wp-content\/uploads\/2025\/10\/SUNAT.pdf\" target=\"_blank\"><span style=\"color: #000000;\"><strong>SUNAT \u2013 Superintendencia Nacional de Administraci\u00f3n Tributaria<\/strong><\/span><\/a><\/em><\/td>\n<\/tr>\n<tr>\n<td style=\"text-align: center;\"><em><a href=\"https:\/\/www.mac.pe\/wp-content\/uploads\/2025\/10\/SUNEDU.pdf\" target=\"_blank\"><span style=\"color: #000000;\"><strong>SUNEDU \u2013 Superintendencia Nacional de Educaci\u00f3n Superior Universitaria<\/strong><\/span><\/a><\/em><\/td>\n<\/tr>\n<tr>\n<td style=\"text-align: center;\"><\/td>\n<\/tr>\n<tr>\n<td><\/td>\n<\/tr>\n<tr>\n<td style=\"text-align: left;\"><strong><em><strong>Formatos de Ayuda<\/strong>:<\/em><\/strong><br \/>\n<a href=\"http:\/\/www.mac.pe\/descargas\/Atencion\/Decla_Jura_Domi.pdf\" target=\"_blank\"><span style=\"color: #000000;\"><em>* Declaraci\u00f3n Jurada de Domicilio<\/em><\/span><\/a><br \/>\n<a href=\"http:\/\/www.mac.pe\/descargas\/Atencion\/dec_jur_per_rob.pdf\" target=\"_blank\"><span style=\"color: #000000;\"><em>* Declaraci\u00f3n Jurada de P\u00e9rdida o Robo de Licencia de Conducir<\/em><\/span><\/a><br \/>\n<a href=\"http:\/\/www.mac.pe\/descargas\/Atencion\/dec_jur.pdf\" target=\"_blank\"><span style=\"color: #000000;\"><em>* Declaraci\u00f3n Jurada para Recojo de Licencia<\/em><\/span><\/a><\/td>\n<\/tr>\n<tr>\n<td style=\"text-align: left;\"><strong><em><strong>Anexos para Licencia de Funcionamiento<\/strong>:<\/em><\/strong><br \/>\n<a href=\"http:\/\/www.mac.pe\/descargas\/Atencion\/Lice_func_declar_jurada.pdf\" target=\"_blank\"><span style=\"color: #000000;\"><em>* Anexo 1<\/em><\/span><\/a><br \/>\n<a href=\"http:\/\/www.mac.pe\/descargas\/Atencion\/Lice_func_solic_eval_riesgo.pdf\" target=\"_blank\"><span style=\"color: #000000;\"><em>* Anexo 2<\/em><\/span><\/a><br \/>\n<a href=\"http:\/\/www.mac.pe\/descargas\/Atencion\/Lice_func_rep_nivel_riesgo.pdf\" target=\"_blank\"><span style=\"color: #000000;\"><em>* Anexo 3<\/em><\/span><\/a><br \/>\n<a href=\"http:\/\/www.mac.pe\/descargas\/Atencion\/Lice_func_dj_cumpl_cond_seg.pdf\" target=\"_blank\"><span style=\"color: #000000;\"><em>* Anexo 4<\/em><\/span><\/a><\/td>\n<\/tr>\n<tr>\n<td style=\"text-align: left;\"><strong><em><strong>Declaraci\u00f3n Jurada para el tr\u00e1mite de Licencia de Conducir Veh\u00edculos menores<\/strong>:<\/em><\/strong><br \/>\n<a href=\"http:\/\/www.mac.pe\/descargas\/Atencion\/decla_nohabersido_sancio.pdf\" target=\"_blank\"><span style=\"color: #000000;\"><em>* Declaraci\u00f3n Jurada<\/em><\/span><\/a><\/td>\n<\/tr>\n<\/tbody>\n<\/table>\n<p><!-- MAC LIMA ESTE--><\/p>\n<div class=\"container\" style=\"background: #FAFAFA;\">\n<h3 style=\"margin-top: 15px;\">MAC Cajamarca<\/h3>\n<\/div>\n","protected":false},"excerpt":{"rendered":"<p>Centro Comercial Real Plaza &#8211; Nivel 2 Av. Evitamiento Norte 1A Barrio San Antonio, Cajamarca, Cajamarca Relaci\u00f3n de Servicios por Entidad BN &#8211; Banco de la naci\u00f3n GRTC CAJAMARCA &#8211; Gerencia Regional de Transportes y Comunicaciones de Cajamarca GRTPE CAJAMARCA &#8211; Gerencia Regional de Trabajo y Promoci\u00f3n del Empleo de Cajamarca INPE \u2013 Instituto Nacional [&hellip;]<\/p>\n","protected":false},"author":1,"featured_media":0,"parent":0,"menu_order":0,"comment_status":"closed","ping_status":"closed","template":"","meta":{"footnotes":""},"class_list":["post-2297","page","type-page","status-publish","hentry"],"_links":{"self":[{"href":"https:\/\/silva.net.pe\/macpe\/wp-json\/wp\/v2\/pages\/2297","targetHints":{"allow":["GET"]}}],"collection":[{"href":"https:\/\/silva.net.pe\/macpe\/wp-json\/wp\/v2\/pages"}],"about":[{"href":"https:\/\/silva.net.pe\/macpe\/wp-json\/wp\/v2\/types\/page"}],"author":[{"embeddable":true,"href":"https:\/\/silva.net.pe\/macpe\/wp-json\/wp\/v2\/users\/1"}],"replies":[{"embeddable":true,"href":"https:\/\/silva.net.pe\/macpe\/wp-json\/wp\/v2\/comments?post=2297"}],"version-history":[{"count":97,"href":"https:\/\/silva.net.pe\/macpe\/wp-json\/wp\/v2\/pages\/2297\/revisions"}],"predecessor-version":[{"id":2304,"href":"https:\/\/silva.net.pe\/macpe\/wp-json\/wp\/v2\/pages\/2297\/revisions\/2304"}],"wp:attachment":[{"href":"https:\/\/silva.net.pe\/macpe\/wp-json\/wp\/v2\/media?parent=2297"}],"curies":[{"name":"wp","href":"https:\/\/api.w.org\/{rel}","templated":true}]}}