{"id":2416,"date":"2022-02-22T15:53:47","date_gmt":"2022-02-22T20:53:47","guid":{"rendered":"http:\/\/www.mac.pe\/"},"modified":"2025-10-16T19:45:55","modified_gmt":"2025-10-17T00:45:55","slug":"mac-huanuco","status":"publish","type":"page","link":"https:\/\/silva.net.pe\/macpe\/mac-huanuco\/","title":{"rendered":"MAC Hu\u00e1nuco"},"content":{"rendered":"<address><span style=\"color: #000000;\">Centro Comercial Real Plaza &#8211; Piso 1<br \/>\n<\/span><\/address>\n<address><span style=\"color: #000000;\">Jr. Independencia N\u00b0 1601, <strong> Hu\u00e1nuco, Hu\u00e1nuco, Hu\u00e1nuco <\/strong><\/span><strong><\/p>\n<h3><span style=\"color: #000000;\"><strong>Relaci\u00f3n de Servicios por Entidad <\/strong><\/span><\/h3>\n<p><\/strong><strong> <\/strong><strong> <\/strong><strong> <\/strong><\/p>\n<\/address>\n<p><strong> <\/strong><\/p>\n<p><strong> <\/strong><\/p>\n<p><strong><a href=\"https:\/\/centrosmac.com\/citas\/\" target=\"_blank\"> <\/a><\/strong><\/p>\n<p><strong><a href=\"https:\/\/centrosmac.com\/citas\/\" target=\"_blank\"><\/a><\/strong><\/p>\n<p><strong> <\/strong><\/p>\n<p><strong> <\/strong><\/p>\n<p><strong> <\/strong><\/p>\n<p><strong> <\/strong><\/p>\n<p><strong> <\/strong><\/p>\n<p><strong> <\/strong><\/p>\n<p><strong> <\/strong><\/p>\n<p><strong> <\/strong><\/p>\n<table border=\"0\" cellspacing=\"0\" cellpadding=\"0\" width=\"554\">\n<tbody>\n<tr>\n<td style=\"text-align: center;\"><em><a href=\"https:\/\/www.mac.pe\/wp-content\/uploads\/2025\/10\/BANCO-DE-LA-NACI\u00d3N.pdf\" target=\"_blank\"><span style=\"color: #000000;\"><strong>BN &#8211; Banco de la naci\u00f3n<\/strong><\/span><\/a><\/em><\/td>\n<\/tr>\n<tr>\n<td style=\"text-align: center;\"><em><a href=\"https:\/\/www.mac.pe\/wp-content\/uploads\/2025\/10\/ELECTROCENTRO.pdf\" target=\"_blank\"><span style=\"color: #000000;\"><strong>ELECTROCENTRO<\/strong><\/span><\/a><\/em><\/td>\n<\/tr>\n<tr>\n<td style=\"text-align: center;\"><a href=\"https:\/\/www.mac.pe\/wp-content\/uploads\/2025\/10\/SEDA-HUANUCO-1.pdf\" target=\"_blank\"><span style=\"color: #000000;\"><em><strong>EPS SEDAHUANUCO S.A. \u2013 Empresa Prestadora de Servicios de Saneamiento P\u00fablica de Accionariado Municipal SEDAHUANUCO S.A. <\/strong><\/em><\/span><\/a><\/td>\n<\/tr>\n<tr>\n<td style=\"text-align: center;\"><em><a href=\"https:\/\/www.mac.pe\/wp-content\/uploads\/2025\/10\/ESSALUD.pdf\" target=\"_blank\"><span style=\"color: #000000;\"><strong>ESSALUD &#8211; Seguro Social de Salud<\/strong><\/span><\/a><\/em><\/td>\n<\/tr>\n<tr>\n<td style=\"text-align: center;\"><a href=\"https:\/\/www.mac.pe\/wp-content\/uploads\/2025\/10\/M.P-HUANUCO-1.pdf\" target=\"_blank\"><span style=\"color: #000000;\"><em><strong><br \/>\nGORE Hu\u00e1nuco &#8211; Direcci\u00f3n Regional de la Producci\u00f3n<br \/>\n<\/strong><\/em><\/span><\/a><\/td>\n<\/tr>\n<tr>\n<td style=\"text-align: center;\"><a href=\"https:\/\/www.mac.pe\/wp-content\/uploads\/2025\/10\/GRTC-HUANUCO-1.pdf\" target=\"_blank\"><span style=\"color: #000000;\"><em><strong><br \/>\nGORE Hu\u00e1nuco &#8211; Direcci\u00f3n Regional de Transportes y Comunicaciones<br \/>\n<\/strong><\/em><\/span><\/a><\/td>\n<\/tr>\n<tr>\n<td style=\"text-align: center;\"><em><a href=\"https:\/\/www.mac.pe\/wp-content\/uploads\/2025\/10\/INDECOPI.pdf\" target=\"_blank\"><span style=\"color: #000000;\"><strong>INDECOPI \u2013 Instituto Nacional de Defensa de la Competencia y de la Protecci\u00f3n de la Propiedad Intelectual<\/strong><\/span><\/a><\/em><\/td>\n<\/tr>\n<tr>\n<td style=\"text-align: center;\"><em><a href=\"https:\/\/www.mac.pe\/wp-content\/uploads\/2025\/10\/INPE.pdf\" target=\"_blank\"><span style=\"color: #000000;\"><strong>INPE \u2013 Instituto Nacional Penitenciario<\/strong><\/span><\/a><\/em><\/td>\n<\/tr>\n<tr>\n<td style=\"text-align: center;\"><em><a href=\"https:\/\/www.mac.pe\/wp-content\/uploads\/2025\/10\/MININTER.pdf\" target=\"_blank\"><span style=\"color: #000000;\"><strong>MININTER &#8211; Ministerio del Interior<\/strong><\/span><\/a><\/em><\/td>\n<\/tr>\n<tr>\n<td style=\"text-align: center;\"><a href=\"https:\/\/www.mac.pe\/wp-content\/uploads\/2025\/10\/M.P-HUANUCO-1.pdf\" target=\"_blank\"><span style=\"color: #000000;\"><em><strong>Municipalidad Provincial de Hu\u00e1nuco<\/strong><\/em><\/span><\/a><\/td>\n<\/tr>\n<tr>\n<td style=\"text-align: center;\"><em><a href=\"https:\/\/www.mac.pe\/wp-content\/uploads\/2025\/10\/ONP.pdf\" target=\"_blank\"><span style=\"color: #000000;\"><strong>ONP \u2013 Oficina de Normalizaci\u00f3n Previsional<\/strong><\/span><\/a><\/em><\/td>\n<\/tr>\n<tr>\n<td style=\"text-align: center;\"><em><a href=\"https:\/\/www.mac.pe\/wp-content\/uploads\/2025\/10\/PODER-JUDICIAL.pdf\" target=\"_blank\"><span style=\"color: #000000;\"><strong>PJ \u2013 Poder Judicial<\/strong><\/span><\/a><\/em><\/td>\n<\/tr>\n<tr>\n<td style=\"text-align: center;\"><em><a href=\"https:\/\/www.mac.pe\/wp-content\/uploads\/2025\/10\/RENIEC-PROVINCIAS.pdf\" target=\"_blank\"><span style=\"color: #000000;\"><strong>RENIEC \u2013 Registro Nacional de Identificaci\u00f3n y Estado Civil<\/strong><\/span><\/a><\/em><\/td>\n<\/tr>\n<tr>\n<td style=\"text-align: center;\"><em><a href=\"https:\/\/www.mac.pe\/wp-content\/uploads\/2025\/10\/SIS.pdf\" target=\"_blank\"><span style=\"color: #000000;\"><strong>SIS &#8211; Seguro Integral de Salud<\/strong><\/span><\/a><\/em><\/td>\n<\/tr>\n<tr>\n<td style=\"text-align: center;\"><em><a href=\"https:\/\/www.mac.pe\/wp-content\/uploads\/2025\/10\/SUNARP.pdf\" target=\"_blank\"><span style=\"color: #000000;\"><strong>SUNARP \u2013 Superintendencia Nacional de Registros P\u00fablicos<\/strong><\/span><\/a><\/em><\/td>\n<\/tr>\n<tr>\n<td style=\"text-align: center;\"><em><a href=\"https:\/\/www.mac.pe\/wp-content\/uploads\/2025\/10\/SUNAT.pdf\" target=\"_blank\"><span style=\"color: #000000;\"><strong>SUNAT \u2013 Superintendencia Nacional de Administraci\u00f3n Tributaria<\/strong><\/span><\/a><\/em><\/td>\n<\/tr>\n<tr>\n<td style=\"text-align: center;\"><a href=\"http:\/\/www.mac.pe\/wp-content\/uploads\/2024\/05\/migraciones-huanuco.pdf\" target=\"_blank\"><span style=\"color: #000000;\"><em><strong>Superintendencia Nacional de Migraciones <\/strong><\/em><\/span><\/a><em><strong><a style=\"color: #ff0000;\" href=\"https:\/\/citaspasaporte.migraciones.gob.pe\/citas-pasaporte-v2\/programar-cita\">(Requiere Cita)<\/a><\/strong><\/em><\/td>\n<\/tr>\n<tr>\n<td style=\"text-align: left;\"><span style=\"color: #000000;\"><em><strong> <\/strong><\/em><\/span><\/td>\n<\/tr>\n<tr>\n<td style=\"text-align: left;\"><strong><em><strong>Formatos de Ayuda<\/strong>:<\/em><\/strong><br \/>\n<a href=\"http:\/\/www.mac.pe\/descargas\/Atencion\/Decla_Jura_Domi.pdf\" target=\"_blank\"><span style=\"color: #000000;\"><em>* Declaraci\u00f3n Jurada de Domicilio<\/em><\/span><\/a><br \/>\n<a href=\"http:\/\/www.mac.pe\/descargas\/Atencion\/dec_jur_per_rob.pdf\" target=\"_blank\"><span style=\"color: #000000;\"><em>* Declaraci\u00f3n Jurada de P\u00e9rdida o Robo de Licencia de Conducir<\/em><\/span><\/a><br \/>\n<a href=\"http:\/\/www.mac.pe\/descargas\/Atencion\/dec_jur.pdf\" target=\"_blank\"><span style=\"color: #000000;\"><em>* Declaraci\u00f3n Jurada para Recojo de Licencia<\/em><\/span><\/a><\/td>\n<\/tr>\n<\/tbody>\n<\/table>\n<p><strong><!-- MAC HUANUCO--><\/strong><\/p>\n<p><strong> <\/strong><\/p>\n<p><strong> <\/strong><\/p>\n<p><strong> <\/strong><\/p>\n<p><strong> <\/strong><\/p>\n<p><strong> <\/strong><\/p>\n<p><strong> <\/strong><\/p>\n<p><strong> <\/strong><\/p>\n<p><strong> <\/strong><\/p>\n<p><strong><\/p>\n<div class=\"container\" style=\"background: #FAFAFA;\">\n<h3 style=\"margin-top: 15px;\">MAC Hu\u00e1nuco<\/h3>\n<\/div>\n<p><\/strong><\/p>\n<p><strong> <\/strong><\/p>\n<p><strong> <\/strong><\/p>\n<p><strong> <\/strong><\/p>\n<p><strong> <\/strong><\/p>\n<p><strong> <\/strong><\/p>\n<p><strong> <\/strong><\/p>\n<p><strong> <\/strong><\/p>\n<p><strong> <\/strong><\/p>\n<p><strong> <\/strong><\/p>\n","protected":false},"excerpt":{"rendered":"<p>Centro Comercial Real Plaza &#8211; Piso 1 Jr. Independencia N\u00b0 1601, Hu\u00e1nuco, Hu\u00e1nuco, Hu\u00e1nuco Relaci\u00f3n de Servicios por Entidad BN &#8211; Banco de la naci\u00f3n ELECTROCENTRO EPS SEDAHUANUCO S.A. \u2013 Empresa Prestadora de Servicios de Saneamiento P\u00fablica de Accionariado Municipal SEDAHUANUCO S.A. ESSALUD &#8211; Seguro Social de Salud GORE Hu\u00e1nuco &#8211; Direcci\u00f3n Regional de la [&hellip;]<\/p>\n","protected":false},"author":1,"featured_media":0,"parent":0,"menu_order":0,"comment_status":"closed","ping_status":"open","template":"","meta":{"footnotes":""},"class_list":["post-2416","page","type-page","status-publish","hentry"],"_links":{"self":[{"href":"https:\/\/silva.net.pe\/macpe\/wp-json\/wp\/v2\/pages\/2416","targetHints":{"allow":["GET"]}}],"collection":[{"href":"https:\/\/silva.net.pe\/macpe\/wp-json\/wp\/v2\/pages"}],"about":[{"href":"https:\/\/silva.net.pe\/macpe\/wp-json\/wp\/v2\/types\/page"}],"author":[{"embeddable":true,"href":"https:\/\/silva.net.pe\/macpe\/wp-json\/wp\/v2\/users\/1"}],"replies":[{"embeddable":true,"href":"https:\/\/silva.net.pe\/macpe\/wp-json\/wp\/v2\/comments?post=2416"}],"version-history":[{"count":65,"href":"https:\/\/silva.net.pe\/macpe\/wp-json\/wp\/v2\/pages\/2416\/revisions"}],"predecessor-version":[{"id":2431,"href":"https:\/\/silva.net.pe\/macpe\/wp-json\/wp\/v2\/pages\/2416\/revisions\/2431"}],"wp:attachment":[{"href":"https:\/\/silva.net.pe\/macpe\/wp-json\/wp\/v2\/media?parent=2416"}],"curies":[{"name":"wp","href":"https:\/\/api.w.org\/{rel}","templated":true}]}}