{"id":87,"date":"2011-01-12T23:24:38","date_gmt":"2011-01-12T23:24:38","guid":{"rendered":"http:\/\/pcm.gappstest.com\/"},"modified":"2025-08-11T16:35:46","modified_gmt":"2025-08-11T21:35:46","slug":"contactenos","status":"publish","type":"page","link":"https:\/\/silva.net.pe\/macpe\/contactenos\/","title":{"rendered":"Cont\u00e1ctenos"},"content":{"rendered":"<div style=\"text-align: center; padding-bottom: 40px;\">Horario de atenci\u00f3n<br \/>\nLunes a domingo<br \/>\n08:00a.m a 08:00 p.m<\/div>\n<table style=\"padding: 0px;\">\n<tbody>\n<tr>\n<td style=\"vertical-align: top;\" colspan=\"2\">\n<div style=\"font-size: 15px; color: steelblue; font-weight: bold; margin-left: 20%;\"><a href=\"tel:1800\">Ll\u00e1manos al <\/p>\n<p>1800 \u00f3 al 01-7028789<\/p>\n<p><\/a><\/div>\n<p><a href=\"http:\/\/www.mac.pe\/que-es-alo-mac\/\"><img decoding=\"async\" style=\"width: 250px; border: 0;\" src=\"http:\/\/www.mac.pe\/wp-content\/uploads\/2023\/11\/alomac-logo.jpg\" alt=\"\" \/><\/a><\/td>\n<td style=\"text-align: right;\"><img decoding=\"async\" style=\"border: 0px solid; margin-right: -5px; padding-left: 30px; width: 90px;\" src=\"http:\/\/www.mac.pe\/wp-content\/themes\/bridge\/images\/whatsapp.png\" alt=\"\" \/><\/td>\n<td style=\"text-align: left; vertical-align: middle;\">Escr\u00edbenos por <strong>Whatsapp <\/strong><strong><a href=\" https:\/\/api.whatsapp.com\/send?phone=51981317379 \"> AQU\u00cd<\/a><\/strong><\/td>\n<\/tr>\n<tr>\n<td style=\"text-align: right;\"><img decoding=\"async\" style=\"border: 0px solid; width: 105px; margin-right: -20px; vertical-align: middle;\" src=\"http:\/\/www.mac.pe\/wp-content\/themes\/bridge\/images\/chat.png\" alt=\"\" \/><\/td>\n<td style=\"text-align: left;\">Cons\u00faltanos <strong><a href=\"https:\/\/alomaccore.wimprove.com:8443\/wichat\/static\/cw.html\">AQU\u00cd <\/a> <\/strong><\/td>\n<td style=\"text-align: right;\"><img decoding=\"async\" style=\"vertical-align: middle; border: 0px solid; width: 102px; margin-right: -10px; padding-left: 0px;\" src=\"http:\/\/www.mac.pe\/wp-content\/themes\/bridge\/images\/facebook.png\" alt=\"\" \/><\/td>\n<td style=\"text-align: left; vertical-align: middle;\">B\u00fascanos como <a href=\"https:\/\/www.facebook.com\/CentrosMAC\"><strong>@CentrosMAC<\/strong><\/a><\/td>\n<\/tr>\n<tr>\n<td style=\"text-align: right;\"><img decoding=\"async\" style=\"border: 0px solid; width: 105px; padding-right: -30px; vertical-align: middle; margin-right: -20px;\" src=\"http:\/\/www.mac.pe\/wp-content\/themes\/bridge\/images\/correo.png\" alt=\"\" \/><\/td>\n<td style=\"text-align: left;\">Escr\u00edbenos <a href=\"https:\/\/alomaccore.wimprove.com:8443\/wichat\/static\/fc.html\"><strong>AQU\u00cd<\/strong><\/a> <\/td>\n<td style=\"text-align: right;\"><img decoding=\"async\" style=\"border: 0px solid; width: 75px; vertical-align: middle; margin-left: -30px;\" src=\"http:\/\/www.mac.pe\/wp-content\/themes\/bridge\/images\/twitter.png\" alt=\"\" \/><\/td>\n<td style=\"text-align: left;\">B\u00fascanos como <a href=\"https:\/\/twitter.com\/CentrosMAC\"><strong>@CentrosMAC<\/strong><\/a><\/td>\n<\/tr>\n<tr>\n<td><\/td>\n<td><\/td>\n<td style=\"text-align: right; vertical-align: middle;\"><img decoding=\"async\" style=\"border: 0px solid; width: 80px;\" src=\"http:\/\/www.mac.pe\/wp-content\/themes\/bridge\/images\/instagram_ok.png\" alt=\"\" \/><\/td>\n<td style=\"text-align: left; vertical-align: middle;\">B\u00fascanos como <a href=\"https:\/\/www.instagram.com\/centrosmac\/\"><strong>@CentrosMAC<\/strong><\/a><\/td>\n<\/tr>\n<\/tbody>\n<\/table>\n","protected":false},"excerpt":{"rendered":"<p>Horario de atenci\u00f3n Lunes a domingo 08:00a.m a 08:00 p.m Ll\u00e1manos al 1800 \u00f3 al 01-7028789 Escr\u00edbenos por Whatsapp AQU\u00cd Cons\u00faltanos AQU\u00cd B\u00fascanos como @CentrosMAC Escr\u00edbenos AQU\u00cd B\u00fascanos como @CentrosMAC B\u00fascanos como @CentrosMAC<\/p>\n","protected":false},"author":1,"featured_media":0,"parent":0,"menu_order":0,"comment_status":"closed","ping_status":"closed","template":"","meta":{"footnotes":""},"class_list":["post-87","page","type-page","status-publish","hentry"],"_links":{"self":[{"href":"https:\/\/silva.net.pe\/macpe\/wp-json\/wp\/v2\/pages\/87","targetHints":{"allow":["GET"]}}],"collection":[{"href":"https:\/\/silva.net.pe\/macpe\/wp-json\/wp\/v2\/pages"}],"about":[{"href":"https:\/\/silva.net.pe\/macpe\/wp-json\/wp\/v2\/types\/page"}],"author":[{"embeddable":true,"href":"https:\/\/silva.net.pe\/macpe\/wp-json\/wp\/v2\/users\/1"}],"replies":[{"embeddable":true,"href":"https:\/\/silva.net.pe\/macpe\/wp-json\/wp\/v2\/comments?post=87"}],"version-history":[{"count":77,"href":"https:\/\/silva.net.pe\/macpe\/wp-json\/wp\/v2\/pages\/87\/revisions"}],"predecessor-version":[{"id":4661,"href":"https:\/\/silva.net.pe\/macpe\/wp-json\/wp\/v2\/pages\/87\/revisions\/4661"}],"wp:attachment":[{"href":"https:\/\/silva.net.pe\/macpe\/wp-json\/wp\/v2\/media?parent=87"}],"curies":[{"name":"wp","href":"https:\/\/api.w.org\/{rel}","templated":true}]}}